0116
In base 11, what is 580 - -61?
631
In base 16, what is -aae8 + -5?
-aaed
In base 9, what is 35 - -263?
308
In base 6, what is -320534433 - -1?
-320534432
In base 13, what is 1c7 + -305?
-10b
In base 14, what is -5 + -2441?
-2446
In base 4, what is 120 - 3221031?
-3220311
In base 15, what is -1 - -12917?
12916
In base 13, what is 220 + -38?
1b5
In base 8, what is 3 - -22?
25
In base 11, what is 4 + -53662?
-53659
In base 2, what is -10 + 1000100?
1000010
In base 13, what is -20072a + -5?
-200732
In base 5, what is -203020 - -1?
-203014
In base 14, what is 18cad - 5?
18ca8
In base 11, what is 17 + -1617?
-1600
In base 7, what is -111226 + -5?
-111234
In base 9, what is 21760 - 4?
21755
In base 9, what is 0 + -16726?
-16726
In base 13, what is 1454 - 83?
13a1
In base 2, what is 0 + -10101101011100100?
-10101101011100100
In base 7, what is 61122 - 14?
61105
In base 5, what is -3310311 - 0?
-3310311
In base 2, what is -111 + -1000000010010101?
-1000000010011100
In base 5, what is -103 - -2231033?
2230430
In base 7, what is 1 - -3362035?
3362036
In base 16, what is 5 - 97598?
-97593
In base 7, what is 5 - -40413?
40421
In base 3, what is 1 + 10212020202?
10212020210
In base 4, what is 1302020222 - -1?
1302020223
In base 2, what is 1100111010 - 1110011?
1011000111
In base 5, what is -12242 + -1431?
-14223
In base 15, what is -243 - -87?
-1ab
In base 7, what is -2124 + 520?
-1304
In base 14, what is 2 - -13dcc?
13dd0
In base 5, what is 3 - -42132?
42140
In base 14, what is -dd708 - 3?
-dd70b
In base 14, what is 1 - 4d61?
-4d60
In base 7, what is -5 - -404621?
404613
In base 6, what is 10 - -531?
541
In base 12, what is 14b8b + 4?
14b93
In base 2, what is -100001011 + 11110000?
-11011
In base 3, what is 110122211 + -2210?
110120001
In base 11, what is -137 - -1773?
1637
In base 2, what is 100000 + -10100101?
-10000101
In base 15, what is -1178 - -12d?
-104a
In base 5, what is -4 - -4033204?
4033200
In base 14, what is 63d + 3?
642
In base 11, what is 8641 + 0?
8641
In base 2, what is -101 + -1111001111010110?
-1111001111011011
In base 14, what is -1d18d5a - 1?
-1d18d5b
In base 8, what is 2161 - 1003?
1156
In base 10, what is 69 - 35?
34
In base 2, what is 10011 - 10110101111?
-10110011100
In base 2, what is 10010101011 - -11111?
10011001010
In base 9, what is 33 + -1164?
-1131
In base 16, what is -1 - 96396?
-96397
In base 4, what is 13001102 + 122?
13001230
In base 4, what is 32200 + 30?
32230
In base 15, what is 35061 - -2?
35063
In base 4, what is 13321132 + -2?
13321130
In base 12, what is 2a639 - 8?
2a631
In base 4, what is 1122 - -11130?
12312
In base 15, what is 71 - 4b8?
-447
In base 10, what is 38 - -14118?
14156
In base 4, what is 102110032 - 13?
102110013
In base 15, what is -68 - 144?
-1ac
In base 2, what is -101001100001000 - -1100?
-101001011111100
In base 12, what is 93 - 50?
43
In base 5, what is -1334010334 - -4?
-1334010330
In base 15, what is 1cbab - 1?
1cbaa
In base 3, what is -21222122 + -11?
-21222210
In base 12, what is 73 + 50b0?
5163
In base 7, what is -5 + -104010?
-104015
In base 3, what is 20222 + -102022?
-11100
In base 3, what is 100 - -220100210?
220101010
In base 2, what is -101001 + 1010100110111?
1010100001110
In base 11, what is 4 - -1035?
1039
In base 3, what is -11010000 - -112?
-11002111
In base 15, what is 359a9 - -2d?
359d7
In base 15, what is -a - 78ae?
-78b9
In base 8, what is -5 - -142204?
142177
In base 11, what is -84650 - -1?
-8464a
In base 15, what is 2 - -c03ac?
c03ae
In base 11, what is a + -739?
-72a
In base 4, what is 3110 + -120?
2330
In base 10, what is 976 + 1?
977
In base 8, what is -1566 + -64?
-1652
In base 6, what is 2141 + 140?
2321
In base 10, what is 0 - -22276?
22276
In base 6, what is 10112 - -1?
10113
In base 5, what is 3 + 3202041?
3202044
In base 5, what is -412201 - -11?
-412140
In base 10, what is 54458 - 1?
54457
In base 8, what is -747 - -4547?
3600
In base 10, what is 1038270 + 0?
1038270
In base 9, what is -1461054 - 4?
-1461058
In base 12, what is 17 - 7b4?
-799
In base 12, what is -b169a + 0?
-b169a
In base 2, what is -1101100000100101 - -10111?
-1101100000001110
In base 4, what is 211220223 - 201?
211220022
In base 6, what is 0 - -31502?
31502
In base 4, what is 3103032 + 30?
3103122
In base 7, what is -3 + -152306?
-152312
In base 4, what is 1210 + -32003?
-30133
In base 11, what is 3092 - -10?
30a2
In base 15, what is -31024 - 5?
-31029
In base 9, what is -2 + 587276?
587274
In base 2, what is -1 - 1111011000100001?
-1111011000100010
In base 8, what is -420335 + 4?
-420331
In base 11, what is -259 + 270?
12
In base 5, what is 4102 - 1321?
2231
In base 12, what is -1 + 142b3?
142b2
In base 13, what is -c - -8b89?
8b7a
In base 8, what is 17 - 130420?
-130401
In base 2, what is -100111000011100001010 + 1?
-100111000011100001001
In base 15, what is -1a23 + -e?
-1a32
In base 13, what is 1692 - 12?
1680
In base 12, what is -1124 - -5?
-111b
In base 6, what is 15415 + -1011?
14404
In base 8, what is -1004 + -11?
-1015
In base 16, what is 1a7c - 6?
1a76
In base 16, what is -10e5 + -e2?
-11c7
In base 3, what is -1 + 102200100120?
102200100112
In base 10, what is 11574 - 29?
11545
In base 16, what is -12c8 + 7?
-12c1
In base 2, what is -10101001110000 + 110111?
-10101000111001
In base 6, what is -30 + -52243?
-52313
In base 8, what is 0 + -54265?
-54265
In base 12, what is -171b - -356?
-1385
In base 12, what is -687 + 26?
-661
In base 16, what is ad0 + -1?
acf
In base 2, what is -1000110101100110001010 - 10?
-1000110101100110001100
In base 15, what is -5 + -1821?
-1826
In base 10, what is -85933 - -30?
-85903
In base 4, what is 13030 + 13030?
32120
In base 10, what is -316536 + 16?
-316520
In base 2, what is -100000100100 + 10010?
-100000010010
In base 10, what is -187 - 6343?
-6530
In base 13, what is 20b2 - 23?
208c
In base 7, what is 21 - -21452?
21503
In base 13, what is 0 + 176a1?
176a1
In base 11, what is -3 + -250?
-253
In base 14, what is -2 - -8d35?
8d33
In base 11, what is -69 - 754?
-812
In base 5, what is 133033 + 40?
133123
In base 3, what is 20120 - -1002111?
1100001
In base 14, what is -3 + -160016?
-160019
In base 4, what is -2003312 - -10?
-2003302
In base 8, what is 13067 - -4?
13073
In base 14, what is 7 + -706?
-6dd
In base 9, what is 16 - -7824?
7841
In base 10, what is -1 - -1487?
1486
In base 7, what is 11540 + -1401?
10136
In base 5, what is -3 + 2212323?
2212320
In base 13, what is 4aa833 - -2?
4aa835
In base 9, what is -23868 - 47?
-24026
In base 15, what is -b5 + 2?
-b3
In base 7, what is -416162 + -16?
-416211
In base 7, what is 5 + -251033?
-251025
In base 5, what is -132240 - 0?
-132240
In base 2, what is 10001001101111110 - -1?
10001001101111111
In base 13, what is 4 - 6704a?
-67046
In base 11, what is 180163 + 3?
180166
In base 9, what is 5 - -134686?
134702
In base 11, what is -2039 + 7?
-2032
In base 13, what is b9132 + 2?
b9134
In base 2, what is -1 + 1100010001100?
1100010001011
In base 3, what is 100 - 21100121?
-21100021
In base 12, what is -4a51 + -14?
-4a65
In base 11, what is -22 - -a646?
a624
In base 3, what is 10 - -101012012110?
101012012120
In base 12, what is 11253 - 122?
11131
In base 16, what is 676c67 + 5?
676c6c
In base 10, what is 45596 - 8?
45588
In base 8, what is 111336 + 3?
111341
In base 6, what is -23 - 4413?
-4440
In base 16, what is -19 + 30be?
30a5
In base 14, what is 6ab1 + 5?
6ab6
In base 11, what is 32 - -67?
99
In base 5, what is -1032 - -1131?
44
In base 8, what is 33730 - 15?
33713
In base 11, what is -1 - 17874?
-17875
In base 13, what is 186b97 - -5?
186b9c
In base 15, what is -2b + -3ade?
-3b1a
In base 16, what is -f52b6 - -4?
-f52b2
In base 10, what is 10 + -50213?
-50203
In base 13, what is -18689 + 4?
-18685
In base 4, what is -1023310 + 1301?
-1022003
In base 3, what is -110002 - 120211?
-1000220
In base 7, what is -2001234 + 1?
-2001233
In base 2, what is -10010010011110001000 - 101?
-10010010011110001101
In base 2, what is 100010000001 + -1000000?
100001000001
In base 16, what is -3 - 18fef3?
-18fef6
In base 6, what is 154101 - -41?
154142
In base 4, what is 22333 - 2123133?
-2100200
In base 4, what is 303 + 2001?
2310
In base 8, what is 3145 - 11700?
-6533
In base 14, what is -138 + -143?
-27b
In base